lculate the highest common factor of 437110 and 10.
10
Calculate the highest common divisor of 12222 and 522.
18
Calculate the greatest common divisor of 2610 and 580.
290
Calculate the greatest common divisor of 4611 and 3551.
53
What is the greatest common factor of 61585 and 3815?
545
Calculate the highest common divisor of 360 and 202260.
60
What is the highest common factor of 37 and 223591?
37
Calculate the greatest common factor of 80 and 4350.
10
Calculate the greatest common divisor of 17120 and 8880.
80
Calculate the highest common factor of 119 and 33167.
17
What is the greatest common divisor of 3592485 and 897?
897
Calculate the highest common factor of 46336 and 8.
8
Calculate the highest common factor of 109970 and 602.
14
What is the greatest common factor of 23124 and 423?
141
Calculate the highest common divisor of 59 and 14337.
59
Calculate the greatest common factor of 6 and 3166860.
6
What is the greatest common factor of 10138 and 740?
74
Calculate the greatest common factor of 3467673 and 297.
99
What is the greatest common factor of 110 and 8206?
22
Calculate the greatest common divisor of 44480 and 25.
5
What is the greatest common divisor of 22 and 965239?
11
What is the greatest common divisor of 361 and 327313?
19
What is the highest common factor of 5775 and 3630?
165
Calculate the highest common divisor of 104 and 910.
26
Calculate the greatest common factor of 2188 and 108306.
1094
What is the highest common factor of 165272 and 23944?
584
Calculate the greatest common divisor of 848 and 9487.
53
What is the highest common divisor of 3213 and 24990?
357
What is the highest common divisor of 459 and 215559?
9
Calculate the highest common divisor of 99 and 16344.
9
Calculate the highest common factor of 1 and 415993.
1
Calculate the highest common divisor of 1037162 and 92.
46
Calculate the highest common factor of 52 and 1305772.
52
Calculate the greatest common factor of 10143 and 7.
7
Calculate the greatest common divisor of 48204 and 206.
206
What is the highest common divisor of 3255 and 41685?
105
Calculate the greatest common divisor of 202195 and 530.
265
What is the greatest common divisor of 170 and 2060?
10
What is the highest common factor of 8 and 458792?
8
Calculate the highest common factor of 3933 and 897.
69
What is the greatest common divisor of 56072 and 4816?
344
What is the greatest common divisor of 387213 and 7077?
1011
What is the highest common factor of 27521 and 74971?
949
What is the highest common divisor of 12422 and 54?
2
Calculate the greatest common divisor of 1116 and 4962294.
558
What is the highest common divisor of 106308 and 27?
9
What is the highest common factor of 222 and 376734?
222
What is the greatest common factor of 374 and 51238?
374
Calculate the greatest common factor of 28 and 398846.
14
What is the greatest common divisor of 814 and 1994?
2
What is the greatest common divisor of 46 and 1136407?
23
Calculate the greatest common divisor of 6 and 1311474.
6
What is the greatest common divisor of 3096590 and 434?
434
What is the greatest common factor of 52 and 8515?
13
Calculate the highest common factor of 300587 and 161.
161
What is the highest common factor of 93290 and 31540?
190
Calculate the highest common divisor of 55 and 267.
1
Calculate the greatest common divisor of 128426 and 314.
314
Calculate the greatest common divisor of 4 and 358.
2
Calculate the highest common factor of 81 and 213273.
81
What is the highest common factor of 406 and 297598?
406
Calculate the highest common divisor of 486165 and 30.
15
What is the highest common divisor of 22216 and 40?
8
What is the highest common factor of 4165 and 133?
7
Calculate the greatest common divisor of 90112 and 3872.
352
What is the greatest common divisor of 511 and 5256?
73
Calculate the highest common factor of 1111 and 5656.
101
What is the greatest common divisor of 5 and 7523?
1
Calculate the greatest common factor of 84877 and 13.
13
Calculate the highest common factor of 226175 and 1245.
415
What is the highest common divisor of 20408 and 32?
8
Calculate the greatest common divisor of 149307 and 29481.
951
What is the greatest common divisor of 560814 and 6342?
906
Calculate the greatest common divisor of 5681989 and 23.
23
Calculate the highest common factor of 91623 and 1533.
21
Calculate the highest common divisor of 4015 and 11055.
55
Calculate the highest common divisor of 4296 and 119751.
537
What is the highest common factor of 1326 and 965940?
102
Calculate the greatest common divisor of 1158 and 80.
2
Calculate the highest common divisor of 46661 and 261.
29
What is the highest common divisor of 3631992 and 26?
26
What is the highest common factor of 23037632 and 32?
32
What is the greatest common divisor of 32618 and 4042?
94
What is the highest common factor of 2353 and 12831?
13
Calculate the greatest common divisor of 6688 and 2612500.
836
Calculate the greatest common divisor of 376 and 2164256.
376
What is the greatest common factor of 1656 and 6336?
72
What is the greatest common factor of 10 and 82190?
10
Calculate the greatest common divisor of 14088 and 421466.
1174
What is the highest common factor of 165 and 26345?
55
What is the highest common factor of 52394 and 19550?
782
What is the highest common factor of 37 and 11597169?
37
Calculate the highest common divisor of 1016 and 11303.
127
Calculate the highest common factor of 200718 and 336.
42
Calculate the greatest common factor of 3670 and 8441.
367
Calculate the greatest common divisor of 182 and 72046.
26
What is the highest common factor of 85 and 71417?
17
What is the greatest common factor of 463075 and 1025?
25
What is the highest common factor of 774 and 2150?
86
What is the greatest common factor of 101745 and 38?
19
Calculate the highest common factor of 822 and 498680.
274
What is the highest common factor of 9862 and 22?
2
What is the highest common factor of 100 and 1687900?
100
What is the highest common divisor of 11 and 174691?
11
Calculate the greatest common factor of 57085 and 105.
35
Calculate the greatest common factor of 900401 and 123.
41
Calculate the greatest common factor of 12264 and 170674.
1022
Calculate the highest common factor of 179644 and 388.
388
Calculate the highest common factor of 338 and 545194.
338
Calculate the highest common divisor of 685 and 270.
5
What is the greatest common divisor of 588 and 196000?
196
What is the highest common factor of 50 and 99225?
25
What is the greatest common divisor of 228 and 1192?
4
What is the highest common divisor of 1268 and 6740?
4
What is the highest common divisor of 23782 and 33?
11
Calculate the highest common divisor of 171 and 71208.
9
What is the greatest common divisor of 58 and 156571?
29
What is the greatest common divisor of 2136 and 1176?
24
What is the greatest common factor of 240368 and 996?
332
Calculate the greatest common factor of 5512 and 53521.
13
What is the greatest common divisor of 138 and 1404840?
138
Calculate the greatest common factor of 527 and 15872.
31
What is the highest common divisor of 73 and 8200601?
73
What is the greatest common factor of 66527 and 497?
71
Calculate the greatest common divisor of 750 and 654250.
250
Calculate the highest common factor of 182 and 133014.
14
What is the greatest common factor of 22 and 994202?
22
What is the greatest common divisor of 858 and 110253?
429
Calculate the greatest common factor of 623 and 371.
7
Calculate the greatest common divisor of 1280 and 324680.
40
Calculate the greatest common factor of 17780 and 5460.
140
Calculate the highest common divisor of 3472 and 207824.
496
What is the highest common factor of 320 and 3136?
64
Calculate the greatest common divisor of 36831 and 3.
3
What is the highest common divisor of 7546 and 20944?
154
What is the greatest common factor of 1305 and 6670?
145
What is the greatest common divisor of 95564 and 7?
7
What is the highest common factor of 12 and 942474?
6
Calculate the highest common factor of 81 and 7879761.
81
Calculate the greatest common factor of 254893 and 148.
37
Calculate the highest common divisor of 30646 and 581.
7
What is the highest common factor of 93 and 292950?
93
What is the highest common divis